of 32 and 368?
16
What is the greatest common divisor of 30 and 2094?
6
Calculate the greatest common divisor of 154 and 231.
77
Calculate the highest common divisor of 697 and 1360.
17
What is the highest common factor of 148 and 37?
37
What is the highest common factor of 198 and 484?
22
Calculate the greatest common divisor of 70 and 490.
70
Calculate the highest common factor of 34 and 1377.
17
Calculate the greatest common factor of 2080 and 910.
130
What is the greatest common factor of 27 and 189?
27
What is the highest common factor of 517 and 141?
47
What is the highest common divisor of 40 and 460?
20
Calculate the highest common divisor of 17 and 544.
17
Calculate the greatest common divisor of 70 and 1596.
14
What is the greatest common divisor of 1425 and 57?
57
Calculate the greatest common divisor of 99 and 1177.
11
What is the greatest common divisor of 342 and 36?
18
What is the greatest common factor of 15 and 555?
15
What is the greatest common divisor of 1 and 5?
1
Calculate the highest common divisor of 84 and 192.
12
What is the highest common factor of 288 and 126?
18
What is the greatest common divisor of 2 and 3?
1
What is the highest common divisor of 6 and 600?
6
Calculate the greatest common factor of 91 and 3991.
13
Calculate the greatest common divisor of 6 and 1794.
6
Calculate the greatest common factor of 306 and 578.
34
Calculate the highest common divisor of 420 and 385.
35
What is the highest common divisor of 50 and 150?
50
What is the highest common divisor of 7389 and 9?
9
Calculate the greatest common factor of 16 and 3928.
8
What is the greatest common divisor of 273 and 7?
7
Calculate the highest common factor of 319 and 99.
11
Calculate the highest common divisor of 40 and 20.
20
Calculate the greatest common factor of 592 and 16.
16
Calculate the highest common factor of 56 and 1624.
56
What is the highest common factor of 14 and 23366?
14
What is the highest common factor of 44 and 84?
4
What is the highest common factor of 91 and 559?
13
What is the greatest common factor of 106712 and 8?
8
What is the greatest common divisor of 4 and 68?
4
Calculate the greatest common divisor of 1513 and 119.
17
What is the highest common factor of 4843 and 29?
29
Calculate the highest common divisor of 3336 and 72.
24
What is the greatest common factor of 453 and 3?
3
Calculate the highest common divisor of 14837 and 148.
37
What is the greatest common divisor of 25 and 6575?
25
Calculate the greatest common divisor of 165 and 539.
11
What is the highest common divisor of 75 and 135?
15
Calculate the greatest common divisor of 328 and 82.
82
Calculate the highest common factor of 35 and 20.
5
Calculate the highest common divisor of 45 and 60.
15
What is the greatest common divisor of 256 and 32?
32
Calculate the greatest common factor of 741 and 513.
57
Calculate the highest common factor of 2 and 446.
2
Calculate the greatest common divisor of 35 and 231.
7
What is the greatest common factor of 1880 and 40?
40
What is the highest common divisor of 576 and 64?
64
Calculate the greatest common divisor of 26 and 104.
26
What is the highest common factor of 2 and 284?
2
What is the greatest common divisor of 3421 and 22?
11
What is the highest common divisor of 2295 and 85?
85
Calculate the highest common divisor of 8 and 1496.
8
Calculate the highest common divisor of 49 and 7.
7
What is the highest common divisor of 14 and 358?
2
Calculate the greatest common divisor of 60 and 145.
5
Calculate the highest common factor of 33 and 4752.
33
What is the highest common factor of 28 and 644?
28
What is the highest common divisor of 3861 and 13?
13
What is the highest common divisor of 48 and 12?
12
What is the greatest common divisor of 273 and 106743?
273
Calculate the greatest common divisor of 204 and 51.
51
Calculate the greatest common divisor of 3 and 51.
3
Calculate the highest common divisor of 1976 and 1456.
104
Calculate the highest common factor of 456 and 72.
24
Calculate the highest common divisor of 232 and 406.
58
What is the greatest common factor of 42 and 150?
6
Calculate the highest common divisor of 14 and 15442.
14
Calculate the highest common factor of 20 and 20.
20
What is the highest common divisor of 11367 and 27?
27
Calculate the greatest common divisor of 174 and 464.
58
Calculate the highest common factor of 52 and 1612.
52
What is the greatest common factor of 918 and 714?
102
Calculate the highest common divisor of 45 and 13.
1
What is the greatest common divisor of 48191 and 143?
143
What is the greatest common divisor of 406 and 14?
14
Calculate the greatest common factor of 190 and 50.
10
What is the greatest common divisor of 11 and 209?
11
Calculate the highest common factor of 4186 and 238.
14
Calculate the highest common factor of 8 and 248.
8
What is the highest common divisor of 126 and 54?
18
Calculate the greatest common divisor of 887 and 1.
1
Calculate the highest common factor of 4 and 198.
2
Calculate the greatest common factor of 640 and 80.
80
Calculate the highest common factor of 153 and 63.
9
Calculate the greatest common factor of 189 and 432.
27
Calculate the highest common divisor of 17434 and 184.
46
What is the highest common divisor of 436 and 1853?
109
Calculate the highest common divisor of 10 and 630.
10
Calculate the highest common factor of 44 and 1364.
44
Calculate the greatest common factor of 126 and 294.
42
Calculate the greatest common divisor of 160 and 10.
10
Calculate the greatest common divisor of 2624 and 256.
64
Calculate the greatest common factor of 128 and 8.
8
Calculate the greatest common factor of 1274 and 238.
14
Calculate the highest common divisor of 1266 and 48.
6
What is the highest common divisor of 286 and 351?
13
What is the highest common factor of 62 and 279?
31
What is the highest common factor of 44 and 506?
22
What is the highest common divisor of 145 and 348?
29
Calculate the greatest common divisor of 1312 and 32.
32
What is the greatest common factor of 8 and 900?
4
What is the highest common divisor of 946 and 1166?
22
What is the highest common factor of 274 and 2?
2
Calculate the highest common factor of 504 and 63.
63
Calculate the highest common divisor of 2160 and 168.
24
Calculate the highest common factor of 1290 and 516.
258
Calculate the highest common divisor of 27 and 15741.
27
Calculate the highest common factor of 50 and 125.
25
What is the highest common factor of 11 and 1408?
11
Calculate the greatest common factor of 2150 and 516.
86
Calculate the greatest common factor of 32 and 4192.
32
What is the highest common factor of 91 and 65?
13
What is the greatest common divisor of 39721 and 253?
253
What is the greatest common factor of 64 and 64?
64
Calculate the highest common factor of 240 and 420.
60
What is the highest common factor of 70 and 350?
70
Calculate the greatest common factor of 63 and 21.
21
Calculate the greatest common factor of 380 and 2185.
95
What is the highest common factor of 10880 and 170?
170
Calculate the greatest common divisor of 67 and 65861.
67
What is the greatest common factor of 106 and 848?
106
What is the highest common divisor of 4 and 128?
4
Calculate the greatest common divisor of 321 and 535.
107
What is the greatest common divisor of 900 and 36?
36
What is the greatest common divisor of 2880 and 2448?
144
What is the greatest common factor of 34 and 84490?
34
Calculate the highest common divisor of 19 and 874.
19
Calculate the highest common divisor of 343 and 1519.
49
What is the greatest common factor of 28 and 84?
28
What is the greatest common factor of 27986 and 56?
14
Calculate the highest common divisor of 460 and 552.
92
What is the greatest common divisor of 1422 and 24?
6
What is the highest common factor of 63 and 693?
63
Calculate the highest common divisor of 34112 and 2665.
533
Calculate the highest common factor of 68 and 272.
68
What is the greatest common divisor of 1182 and 24?
6
Calculate the greatest common divisor of 21 and 345.
3
Calculate the highest common divisor of 2268 and 91.
7
Calculate the highest common divisor of 16 and 72.
8
What is the highest common divisor of 195 and 2080?
65
Calculate the greatest common divisor of 202 and 505.
101